. Let h be (10 + a)*(-3)/(-2). Calculate the greatest common factor of h and 10.
5
Suppose -z = -7*z + 12. Calculate the greatest common divisor of z and 14.
2
Let c = -31 + 108. Calculate the highest common factor of c and 7.
7
Suppose -2*a - 2*a = 3*p - 41, a + p = 10. Calculate the greatest common divisor of a and 143.
11
Let q(y) = -15*y + 4. Let p be q(-4). Let r(s) = 6*s**2 - 1. Let h be r(1). Suppose f - h*f = -p. Calculate the highest common factor of 176 and f.
16
Let d(k) = -k**2 + 10*k + 2. Let m be d(7). Calculate the highest common factor of m and 115.
23
Let v = 5 + -5. Let q be 6/(-3)*(-9 + v). What is the greatest common factor of 2 and q?
2
Suppose -70 = -5*x + y, 4*y - y - 70 = -5*x. Calculate the highest common divisor of 7 and x.
7
Let s = 10 - 6. Suppose 5*d - 15 = -3*z, 5*z = -4*d + 3 - s. What is the greatest common factor of d and 9?
3
Let c(b) = b**3 - 6*b**2 - 7*b - 9. Let o be c(8). What is the highest common divisor of 7 and o?
7
Suppose 3*i = -i + 96. What is the highest common divisor of 36 and i?
12
Let d = 313 + -249. Let p be (-6)/4*(-16)/3. What is the highest common factor of d and p?
8
Let c(k) = k**3 - 7*k**2 + 8*k - 2. Let d be c(8). Calculate the greatest common factor of 21 and d.
21
Suppose 9*n - 80 = -26. Let o(g) = g**3 - g**2 + 3*g - 3. Let w be o(3). What is the greatest common factor of w and n?
6
Suppose 18 = -4*l + 582. Suppose 41 - l = -5*o. What is the greatest common divisor of o and 30?
10
Suppose 2*i = -2*i. Let s(p) = -p + 45. Let o be s(i). Let m = o + -5. Calculate the greatest common divisor of 5 and m.
5
Let g(j) = 5*j**2 - 19*j + 20. Let a be g(7). Let l = -22 - -34. Calculate the highest common divisor of a and l.
12
Let c be (-1)/2*-246 - 2. Calculate the highest common divisor of c and 11.
11
Suppose 0 = 34*w - 4924 + 28. Let i = 12 + 4. What is the highest common divisor of w and i?
16
Suppose 2*w = 3*z + 89, 4*z - 36 = -w - 8. Suppose 66 = 5*j - 4*x, -j + 5 = -x - 9. Calculate the highest common factor of w and j.
10
Suppose -4*u - b + 0 = 2, -6 = -5*u + 3*b. Suppose 2*x - 4*x + 18 = u. Calculate the greatest common factor of x and 6.
3
Let k = -1 - 24. Let a be (-90)/k - 2/(-5). Suppose -5*y + 5*l + 500 + 10 = 0, -a*y + l = -396. Calculate the highest common factor of 14 and y.
14
Let d(x) = -x + 2. Let k be d(-8). Calculate the highest common divisor of 80 and k.
10
Let z be (-4)/(-20) - (-207)/15. Calculate the highest common divisor of 70 and z.
14
Suppose -8 = 2*m + 2*h, -m - 2*m - 28 = -5*h. Let k = m + 8. Suppose k*v = -0*v + 306. What is the greatest common divisor of 17 and v?
17
Let f(k) = 4*k + 6. Let p(v) be the third derivative of -v**4/24 + v**2. Let w be p(-6). Let a be f(w). Calculate the highest common factor of 45 and a.
15
Let k = 16 - -54. Suppose -5*j + 18 = 2*u - 17, -5*j = -5*u + k. What is the highest common divisor of 3 and u?
3
Suppose d + 70 = -2*t + 236, 3*t - 2*d = 256. Let r = t - 21. What is the greatest common factor of 9 and r?
9
Let t(n) = 2*n**2 - 8*n. Let f be t(6). Suppose -3*d = 5*r - 35, 5*r = d + 2*d + 5. Calculate the greatest common factor of r and f.
4
Let d = -80 - -86. What is the greatest common factor of d and 12?
6
Suppose 0 = 5*t - 3*t - 28. Let w = 52 + t. Suppose -k = 2*k - w. What is the greatest common factor of 110 and k?
22
Suppose -5*f + i = -75, 0 = -4*f + 2*i + 3*i + 81. Calculate the greatest common divisor of 112 and f.
14
Suppose -2*x - x + 57 = 5*r, 0 = -2*r - x + 22. What is the greatest common factor of r and 18?
9
Let m = 5 - -12. Calculate the highest common divisor of 153 and m.
17
Let n = 95 + -5. What is the highest common factor of n and 10?
10
Let y = -22 + 27. What is the highest common divisor of 40 and y?
5
Let l(u) = 9*u - 4. Let o be l(2). Suppose -3*a + 0*n + o = 4*n, -5*a + 29 = n. Calculate the highest common divisor of a and 42.
6
Let m = 2 - -2. Suppose -3*z + 39 = m*q, -2*q - 5*z + 31 = -q. Let i = 12 - q. Calculate the highest common divisor of i and 24.
6
Let v = -11 - -18. Calculate the highest common factor of 21 and v.
7
Let b be 0 - (4 + (-52 - 1)). What is the highest common factor of 392 and b?
49
Suppose -k + 2*b + 6 = 0, -2*b + 2 = 3*k - 0. Let p = 85 - 75. What is the greatest common divisor of p and k?
2
Let p be (5/(-4))/(3/(-48)). What is the greatest common factor of p and 20?
20
Suppose 45 = 3*t + 5*p, -5*t + 2*p - 2 + 46 = 0. What is the highest common divisor of 2 and t?
2
Suppose -2*h = -4*h. Suppose 5*b - 33 = -2*w, h = -5*w + b - 4*b + 35. Let f be 8/(-4)*(-30)/w. Calculate the greatest common factor of f and 3.
3
Suppose -5*k - 2*n = 2*n - 794, -2*k = -4*n - 340. Suppose 0*q = -q + k. Suppose -2*a = 2*a - 72. What is the highest common divisor of q and a?
18
Suppose 4*l = 11 + 5, -2*m + 498 = 3*l. What is the greatest common divisor of 27 and m?
27
Let m(b) = b**3 - b**2 + 3*b - 109. Let c(s) = -s + 1. Let r(n) = -4*c(n) - m(n). Let t be r(0). What is the highest common factor of t and 21?
21
Let b(o) = -9*o. Let a be b(-5). Let p be ((-8)/6)/(3/((-405)/6)). Calculate the highest common factor of a and p.
15
Let a = 7 + -2. Suppose a*o - 143 - 52 = 0. Suppose 1 = 5*n - 4, 2*n + 76 = 3*t. What is the highest common divisor of t and o?
13
Let i(f) = f**3 - 7*f**2 + 7*f + 1. Let o be i(6). What is the highest common divisor of 203 and o?
7
Let k be 10/8 - 1/4. Suppose -w - k = 2. Let n be (1/(-2))/(w/108). What is the greatest common divisor of n and 18?
18
Suppose -6*z + 4*z + 6 = 0. What is the greatest common divisor of z and 48?
3
Let g = -8 + 20. Let f = 28 + 84. Let a = f + -28. What is the highest common factor of g and a?
12
Suppose 3*f + 3 = 0, -2*q - f = 2*f - 21. What is the greatest common factor of q and 36?
12
Let k = 13 + -46. Let z be (0 - k)*12/9. Calculate the highest common factor of 4 and z.
4
Let s(d) = -6*d - 19. Let u be s(-5). What is the highest common divisor of u and 33?
11
Suppose 3*j - 8 = -2. Let a be (-40 - 0)*j/(-4). What is the greatest common factor of 20 and a?
20
Suppose x + 154 = 5*d, -5*x + 40 = -d + 3*d. Suppose -5*l - 73 - d = -3*p, 4*l = -p + 40. Calculate the greatest common factor of 12 and p.
12
Let a(q) = -q**2 - 5*q + 6. Let v be a(-5). Let d be -2 + v - 2 - -18. Let t(h) = 5*h**2 - 1. Let n be t(1). What is the greatest common divisor of d and n?
4
Let k(c) = -c**3 - 3*c**2 + c - 1. Let j be k(-4). Suppose 113 + 217 = 6*h. Calculate the greatest common factor of h and j.
11
Let y(o) = o**2 - o + 1. Let w be y(0). Let d be w/(1 + 152/(-154)). Let m be 7 - (1 - (-1 - -2)). Calculate the highest common factor of m and d.
7
Suppose -u - 3 = w - 2*u, -w + 5*u - 19 = 0. Let n(l) = 5*l**2 + l. Let i be n(w). Suppose -16 = 5*v - 46. Calculate the highest common divisor of v and i.
6
Suppose 2*m = -0*m. Suppose -o - 2*z + 60 = m, -2*o = -3*o - 5*z + 75. Let b = -11 - -31. What is the greatest common divisor of o and b?
10
Suppose 1 = 4*z + 5, -5*z = -5*b + 1510. Suppose l - h - 281 = -4*l, 0 = -5*l - 4*h + b. What is the greatest common factor of 19 and l?
19
Let v = -1 + 10. Suppose 33 = 2*h - 5*d, -5 = -h + 4*d + 19. Let q be (-4)/2*(-54)/h. Calculate the highest common divisor of v and q.
9
Let n = 1 - 1. Let h be (n - -1)*(2 - -2). Suppose -h*t + 4*m + 4 = 0, 2*m - 1 = -2*t + 1. Calculate the greatest common factor of 5 and t.
1
Let u(s) = -s + 34. Let d be u(18). Calculate the highest common factor of d and 2.
2
Let a = 37 - 22. Suppose 15 = -5*t, -2*o + 2*t + 196 + 80 = 0. Calculate the greatest common divisor of a and o.
15
Let z = -28 + 91. Suppose -745 - 1410 = -5*q. Suppose q - z = 2*x. What is the highest common factor of x and 23?
23
Let c(w) = w - 5. Let n be (-6)/21 - 174/(-21). Let f be c(n). Suppose -f*r = 2*r + 4*j - 209, 3*r - 123 = -3*j. What is the highest common divisor of r and 15?
15
Suppose -12 = -4*b + 8. Let j be 42/(9/(-2) + 4). Let k be (-90)/(-21)*j/(-18). What is the highest common divisor of b and k?
5
Let h = -18 + 18. Suppose -4*j = -0*j - 4. Suppose m - j = -h. Calculate the highest common divisor of m and 11.
1
Suppose 2*h = -34 - 8. Let y = h - -41. Calculate the greatest common divisor of y and 4.
4
Suppose j - 78 = -6. Let u(y) = 3*y**3 + 2*y**2 + 2*y + 1. Let v be u(-1). Let i = v - -11. What is the g